{"id":908,"date":"2020-11-08T22:53:13","date_gmt":"2020-11-08T22:53:13","guid":{"rendered":"http:\/\/operatorenesforeningforberedskap.no.datasenter.no\/?page_id=908"},"modified":"2025-06-17T10:02:27","modified_gmt":"2025-06-17T08:02:27","slug":"kursplan","status":"publish","type":"page","link":"https:\/\/offb.no\/en\/kompetansesenter\/kursplan\/","title":{"rendered":"Kursplan                              andre halv\u00e5r 2025"},"content":{"rendered":"<div data-elementor-type=\"wp-page\" data-elementor-id=\"908\" class=\"elementor elementor-908\" data-elementor-post-type=\"page\">\n\t\t\t\t\t\t<section class=\"elementor-section elementor-top-section elementor-element elementor-element-5f4ccbae elementor-section-boxed elementor-section-height-default elementor-section-height-default\" data-id=\"5f4ccbae\" data-element_type=\"section\" data-e-type=\"section\">\n\t\t\t\t\t\t<div class=\"elementor-container elementor-column-gap-default\">\n\t\t\t\t\t<div class=\"elementor-column elementor-col-100 elementor-top-column elementor-element elementor-element-746a8f27\" data-id=\"746a8f27\" data-element_type=\"column\" data-e-type=\"column\">\n\t\t\t<div class=\"elementor-widget-wrap elementor-element-populated\">\n\t\t\t\t\t\t<div class=\"elementor-element elementor-element-485394b5 elementor-widget elementor-widget-text-editor\" data-id=\"485394b5\" data-element_type=\"widget\" data-e-type=\"widget\" data-widget_type=\"text-editor.default\">\n\t\t\t\t<div class=\"elementor-widget-container\">\n\t\t\t\t\t\t\t\t\t<p><b>ANDRE HALV\u00c5R 2025<br \/><\/b><span style=\"font-size: inherit; text-align: inherit; letter-spacing: -0.015em;\"><b><br \/><\/b>27. August 0830-1530<br \/><\/span><span style=\"font-size: inherit; text-align: inherit; letter-spacing: -0.015em;\"><b>Kurs 3.linje beredskapsledelse<br \/><\/b><\/span><span style=\"font-size: inherit; text-align: inherit; letter-spacing: -0.015em;\">Frist for p\u00e5melding: 13. august<\/span><\/p>\n<p><!-- \/wp:paragraph --><\/p>\n<p><!-- wp:paragraph --><\/p>\n<p>16. desember0830-1530<br \/><strong>Kurs 3.linje beredskapsledelse<\/strong><br \/>Frist for p\u00e5melding: 28. november<\/p>\n<p><!-- \/wp:paragraph --><\/p>\n<p><!-- wp:paragraph --><\/p>\n<p>17. september 0900-1500<br \/><strong>Kurs for selskapsrepresentanter ved operat\u00f8rens senter for evakuerte og p\u00e5r\u00f8rende (OSEP)<\/strong><br \/>Frist for p\u00e5melding: 2. september<span style=\"font-size: inherit; text-align: inherit; letter-spacing: -0.015em;\">.\u00a0<\/span><\/p>\n<p><span style=\"font-size: inherit; text-align: inherit; letter-spacing: -0.015em;\">16. oktober 0900-1500<br \/><\/span><span style=\"font-size: inherit; text-align: inherit; letter-spacing: -0.015em;\"><b>Kurs for liaisoner\/selskapsrepresentanter ved beredskapshendelser<br \/><\/b><\/span><span style=\"font-size: inherit; text-align: inherit; letter-spacing: -0.015em;\">Frist for p\u00e5melding: 1. oktober<\/span><\/p>\n<p><!-- \/wp:paragraph --><\/p>\n<p><!-- wp:paragraph --><\/p>\n<p>21. oktober 1200-1500<br \/><strong>Beredskapskurs for resepsjonister<\/strong><br \/>Frist for p\u00e5melding: 7. oktober<\/p>\n<p><!-- \/wp:paragraph --><\/p>\n<p><!-- wp:paragraph --><\/p>\n<p>14. oktober 0830-1530<br \/><strong>Kurs i medieh\u00e5ndtering<\/strong><br \/>Frist for p\u00e5melding: 30. september<\/p>\n<p><!-- \/wp:paragraph --><\/p>\n<p><!-- wp:paragraph --><\/p>\n<p>12.november. 1200-1530<br \/><strong>Kurs i interessentanalyse<\/strong><br \/>Frist for p\u00e5melding: 28. november<\/p>\n<p><!-- \/wp:paragraph --><\/p>\n<p><!-- wp:paragraph --><\/p>\n<p>4. november 1200-1530<br \/><strong>Kurs: Overgang til Aksjonsledelse\/ICS-organisering<\/strong><br \/>Frist for p\u00e5melding: 16. oktober<\/p>\n<p>Dato TBD: Egen gjennomf\u00f8ring for hvert enkelt medlem (4 timer)<br \/><b>Kurs: Det strategiske m\u00f8tet\u00a0<\/b><br \/>Frist for p\u00e5melding: TBD<\/p>\n<p><!-- \/wp:paragraph --><\/p>\n<p><!-- wp:paragraph --><\/p>\n<p><strong>CIM oppl\u00e6ring<\/strong>: P\u00e5g\u00e5r fortl\u00f8pende etter behov fra medlemmene<\/p>\n<p><strong>NB! <\/strong>The courses are offered to OFFB members.<br \/><strong>P\u00e5melding<\/strong>: gjennom kontaktperson i eget selskap<\/p>\n<p><!-- \/wp:paragraph --><\/p>\n<p><!-- wp:paragraph --><\/p>\n<p>Dag Normann Aasjord<br \/>Manager, OFFB Competence Centre<br \/><a href=\"mailto:dag.normann.aasjord@offb.no\">dag.normann.aasjord@offb.no<\/a><\/p>\n<p><!-- \/wp:paragraph --><\/p>\t\t\t\t\t\t\t\t<\/div>\n\t\t\t\t<\/div>\n\t\t\t\t\t<\/div>\n\t\t<\/div>\n\t\t\t\t\t<\/div>\n\t\t<\/section>\n\t\t\t\t<\/div>","protected":false},"excerpt":{"rendered":"<p>ANDRE HALV\u00c5R 202527. August 0830-1530Kurs 3.linje beredskapsledelseFrist for p\u00e5melding: 13. august 16. desember0830-1530Kurs 3.linje beredskapsledelseFrist for p\u00e5melding: 28. november 17. september 0900-1500Kurs for selskapsrepresentanter ved operat\u00f8rens senter for evakuerte og [&hellip;]<\/p>\n","protected":false},"author":1,"featured_media":0,"parent":899,"menu_order":1,"comment_status":"closed","ping_status":"closed","template":"","meta":{"footnotes":""},"class_list":["post-908","page","type-page","status-publish","hentry"],"_links":{"self":[{"href":"https:\/\/offb.no\/en\/wp-json\/wp\/v2\/pages\/908","targetHints":{"allow":["GET"]}}],"collection":[{"href":"https:\/\/offb.no\/en\/wp-json\/wp\/v2\/pages"}],"about":[{"href":"https:\/\/offb.no\/en\/wp-json\/wp\/v2\/types\/page"}],"author":[{"embeddable":true,"href":"https:\/\/offb.no\/en\/wp-json\/wp\/v2\/users\/1"}],"replies":[{"embeddable":true,"href":"https:\/\/offb.no\/en\/wp-json\/wp\/v2\/comments?post=908"}],"version-history":[{"count":55,"href":"https:\/\/offb.no\/en\/wp-json\/wp\/v2\/pages\/908\/revisions"}],"predecessor-version":[{"id":3037,"href":"https:\/\/offb.no\/en\/wp-json\/wp\/v2\/pages\/908\/revisions\/3037"}],"up":[{"embeddable":true,"href":"https:\/\/offb.no\/en\/wp-json\/wp\/v2\/pages\/899"}],"wp:attachment":[{"href":"https:\/\/offb.no\/en\/wp-json\/wp\/v2\/media?parent=908"}],"curies":[{"name":"wp","href":"https:\/\/api.w.org\/{rel}","templated":true}]}}

Kursplan                              andre halvår 2025

<div data-elementor-type="wp-page" data-elementor-id="908" class="elementor elementor-908" data-elementor-post-type="page">
						<section class="elementor-section elementor-top-section elementor-element elementor-element-5f4ccbae elementor-section-boxed elementor-section-height-default elementor-section-height-default" data-id="5f4ccbae" data-element_type="section" data-e-type="section">
						<div class="elementor-container elementor-column-gap-default">
					<div class="elementor-column elementor-col-100 elementor-top-column elementor-element elementor-element-746a8f27" data-id="746a8f27" data-element_type="column" data-e-type="column">
			<div class="elementor-widget-wrap elementor-element-populated">
						<div class="elementor-element elementor-element-485394b5 elementor-widget elementor-widget-text-editor" data-id="485394b5" data-element_type="widget" data-e-type="widget" data-widget_type="text-editor.default">
				<div class="elementor-widget-container">
									<p><b>ANDRE HALVÅR 2025<br /></b><span style="font-size: inherit; text-align: inherit; letter-spacing: -0.015em;"><b><br /></b>27. August 0830-1530<br /></span><span style="font-size: inherit; text-align: inherit; letter-spacing: -0.015em;"><b>Kurs 3.linje beredskapsledelse<br /></b></span><span style="font-size: inherit; text-align: inherit; letter-spacing: -0.015em;">Frist for påmelding: 13. august</span></p>
<p><!-- /wp:paragraph --></p>
<p><!-- wp:paragraph --></p>
<p>16. desember0830-1530<br /><strong>Kurs 3.linje beredskapsledelse</strong><br />Frist for påmelding: 28. november</p>
<p><!-- /wp:paragraph --></p>
<p><!-- wp:paragraph --></p>
<p>17. september 0900-1500<br /><strong>Kurs for selskapsrepresentanter ved operatørens senter for evakuerte og pårørende (OSEP)</strong><br />Frist for påmelding: 2. september<span style="font-size: inherit; text-align: inherit; letter-spacing: -0.015em;">. </span></p>
<p><span style="font-size: inherit; text-align: inherit; letter-spacing: -0.015em;">16. oktober 0900-1500<br /></span><span style="font-size: inherit; text-align: inherit; letter-spacing: -0.015em;"><b>Kurs for liaisoner/selskapsrepresentanter ved beredskapshendelser<br /></b></span><span style="font-size: inherit; text-align: inherit; letter-spacing: -0.015em;">Frist for påmelding: 1. oktober</span></p>
<p><!-- /wp:paragraph --></p>
<p><!-- wp:paragraph --></p>
<p>21. oktober 1200-1500<br /><strong>Beredskapskurs for resepsjonister</strong><br />Frist for påmelding: 7. oktober</p>
<p><!-- /wp:paragraph --></p>
<p><!-- wp:paragraph --></p>
<p>14. oktober 0830-1530<br /><strong>Kurs i mediehåndtering</strong><br />Frist for påmelding: 30. september</p>
<p><!-- /wp:paragraph --></p>
<p><!-- wp:paragraph --></p>
<p>12.november. 1200-1530<br /><strong>Kurs i interessentanalyse</strong><br />Frist for påmelding: 28. november</p>
<p><!-- /wp:paragraph --></p>
<p><!-- wp:paragraph --></p>
<p>4. november 1200-1530<br /><strong>Kurs: Overgang til Aksjonsledelse/ICS-organisering</strong><br />Frist for påmelding: 16. oktober</p>
<p>Dato TBD: Egen gjennomføring for hvert enkelt medlem (4 timer)<br /><b>Kurs: Det strategiske møtet </b><br />Frist for påmelding: TBD</p>
<p><!-- /wp:paragraph --></p>
<p><!-- wp:paragraph --></p>
<p><strong>CIM opplæring</strong>: Pågår fortløpende etter behov fra medlemmene</p>
<p><strong>NB! </strong>The courses are offered to OFFB members.<br /><strong>Påmelding</strong>: gjennom kontaktperson i eget selskap</p>
<p><!-- /wp:paragraph --></p>
<p><!-- wp:paragraph --></p>
<p>Dag Normann Aasjord<br />Manager, OFFB Competence Centre<br /><a href="mailto:dag.normann.aasjord@offb.no">dag.normann.aasjord@offb.no</a></p>
<p><!-- /wp:paragraph --></p>								</div>
				</div>
					</div>
		</div>
					</div>
		</section>
				</div>

<p>ANDRE HALVÅR 202527. August 0830-1530Kurs 3.linje beredskapsledelseFrist for påmelding: 13. august 16. desember0830-1530Kurs 3.linje beredskapsledelseFrist for påmelding: 28. november 17. september 0900-1500Kurs for selskapsrepresentanter ved operatørens senter for evakuerte og [&hellip;]</p>
